= 2*a - 91142 - 99524. Is a a composite number?
True
Let w = -4983 - -20510. Is w a prime number?
True
Let o(y) = -3976*y + 45. Is o(-2) prime?
False
Suppose 3*f - 39 = -30. Suppose 5*d - 2620 = 3*m, -f*d + 1635 = -2*m + 62. Is d a prime number?
True
Let g(s) = -s**3 + s**2 + 3*s - 3. Suppose -5*d + 16 = 3*r, d = 2 - 0. Let z be g(r). Is (z/(-1))/(2/114) a composite number?
True
Suppose n = 4*p + 25894, -n + 35006 = p + 9097. Is n a composite number?
True
Suppose 3*o + 3 = r, 2*r - 3 = o + 4*o. Is ((-20)/r)/((-4)/(-1278)*3) prime?
False
Suppose 5*z + 22 = -b, z = -b + 3*z + 13. Suppose -1826 = -5*f - w, -3*f = -0*w + b*w - 1098. Is f a composite number?
True
Let i = 678 - 10. Let g = i - 367. Let f = 40 + g. Is f prime?
False
Let j = -16 - -43. Let k = 73 - j. Suppose -o = -3*o + k. Is o prime?
True
Suppose -27*p + 0*p = 6021. Let z be (-6)/(-4)*1928/(-6). Let t = p - z. Is t a prime number?
False
Suppose -5*o = -3*t + 4088, -5*o + 1543 = -5*t + 8353. Is t a composite number?
False
Let r = 1623 - 1006. Let i = 316 + r. Is i composite?
True
Suppose -5*i - 25 = 0, -2*c + i + 6612 = 5*i. Suppose 1131 - c = -5*q. Suppose 7*f - 8*f = -q. Is f a composite number?
True
Suppose 4*c = 4*j - 28660, -4*c = 4*j + c - 28660. Is j a prime number?
False
Let b be (-1)/3 + (-17)/3. Let a be 10 + (-3 - -4) + -2. Let s = a - b. Is s composite?
True
Suppose p = 3*n - 64 - 25, -n = 5. Let i be (16 - p)/((-3)/(-2)). Let j = 9 + i. Is j prime?
True
Suppose 61 = 5*w + k, 0*k + 35 = 3*w + k. Suppose s - 3*a = w, -s + 23 = 2*s - a. Suppose s*t = 6*t + 335. Is t a composite number?
True
Let k = 6 + -6. Suppose -5*y + 23717 - 1697 = k. Let m = y + -2537. Is m composite?
False
Let n be ((-8)/(-10))/((-4)/30). Let o(l) be the third derivative of -l**6/120 - l**5/60 + 3*l**4/8 + l**3/6 - 188*l**2. Is o(n) a composite number?
False
Let i(l) = 104*l**2 - 2*l + 45. Is i(14) a prime number?
False
Let c(t) = -t**3 - 19*t**2 + 19*t + 13. Suppose 6*z - 3*z = -60. Is c(z) a composite number?
True
Let n be 64/(-6)*(-15)/10. Suppose 58 = -25*k + 27*k. Let i = k - n. Is i a prime number?
True
Suppose 0*x - 3*x + 9 = 0. Let r(n) = 112*n - 7. Is r(x) a composite number?
True
Let c(f) = 16*f + 2. Let b be c(-1). Let r be (-46)/(-10) + b/(-35). Suppose 2*m - z - 9 - 7 = 0, -3*z = r*m - 29. Is m composite?
False
Let i(b) = 259*b**3 - 15*b**2 - 9*b + 1. Is i(4) composite?
False
Let r(u) = 44*u**3 - 6*u**2 - 7*u - 1. Let j be r(5). Let w = j - 2529. Is w a prime number?
False
Suppose 0 = 29*k - 505933 - 237540. Is k composite?
True
Let d(n) = 24*n**3 + 46*n**2 + 52*n - 22. Let r(i) = 16*i**3 + 31*i**2 + 35*i - 15. Let x(l) = -5*d(l) + 7*r(l). Is x(-9) a composite number?
False
Let l(s) = -211*s - 5. Let f be l(-4). Let q = f + -373. Suppose o - q = -o. Is o composite?
False
Suppose -2*x - 2061 = -4*x + 5*w, 0 = -5*x + 3*w + 5143. Suppose -4*m + 576 = -x. Is m a composite number?
False
Suppose -10 + 6 = -4*z. Let p be ((-2)/6)/(z/(-27)). Suppose -l + p - 2 = 0. Is l composite?
False
Let w = -82 - -52. Is ((-795)/w)/(2/4) composite?
False
Suppose -10*i = -5*a - 14*i + 3381, 0 = 2*a - i - 1355. Is a a prime number?
True
Is ((-60437)/26)/((-3)/(5 + 1)) a composite number?
False
Let t(s) = 5*s**2 - 3*s - 289. Is t(25) prime?
False
Suppose 5*c - 2*h - 97 = -28, -3*c + 30 = -5*h. Suppose 2*w - 383 = -m, w + 4*w = -c. Is m a composite number?
False
Let m = -12250 - -17303. Is m a prime number?
False
Let x(z) = 6*z**3 - 6*z**2 + 9*z - 5. Let a be x(5). Let v(f) = -f**3 - 3*f**2 + 2*f + 1. Let j be v(-3). Let d = j + a. Is d composite?
True
Suppose -55960 = 2*p - 22*p. Is p a prime number?
False
Suppose 3*k + 94 = -4*q, -4*q + 4*k - 80 + 0 = 0. Suppose -5*x + 14 - 54 = 0. Is q/(-8)*(-224)/x a composite number?
True
Suppose -2*z = z - 18. Suppose z*c - 60 = c. Suppose 13*w = c*w + 113. Is w a composite number?
False
Suppose -y - 4*s = -27, s + 20 = 5*s. Let r(o) = o**2 - 4*o - 7. Let z be r(y). Is (-4)/z + 72/7 a prime number?
False
Let m(k) = -453*k**2 + k + 3. Let x be m(-3). Let q = x - -5924. Is q a prime number?
True
Let f = -686 - -1150. Let c = -262 + -44. Let q = f + c. Is q a prime number?
False
Suppose -2*t = -s - 15984, 15*s = -t + 19*s + 7985. Is t a composite number?
False
Suppose -23*s + 45919 = -20*s + 2*z, -61229 = -4*s + z. Is s a composite number?
False
Let l be 16/56 + (-39915)/(-21). Let x = -994 + l. Is x a composite number?
False
Let c(t) = t**3 - 12*t**2 - 21*t - 37. Is c(21) a composite number?
False
Is ((-3)/6)/(5/(-21380)) a composite number?
True
Is -7 + -2 + 3 + 3277 a composite number?
False
Is ((-131190)/(-45))/((-6)/(-9)) a prime number?
True
Suppose 5*k = k - 1208. Let z = k + 516. Is z prime?
False
Is (-6 - 122226/(-5)) + (-2)/10 a prime number?
True
Let s(u) = -4*u - 21. Let m be s(-6). Suppose -m*j + 442 = 2*f + 3*f, -3*f = 5*j - 262. Is f a prime number?
True
Suppose -3*o + 4*o + 30 = 0. Let j = o + 10. Let a = j - -39. Is a composite?
False
Let g = 63 - 53. Let u(p) = 24*p**2 + 16*p - 47. Is u(g) prime?
False
Let d = 17 - 3. Suppose 591*g - 587*g = 1812. Suppose -d*b = -13*b - g. Is b a prime number?
False
Suppose -6*p - 545503 = -13*p. Is p composite?
False
Let n = 4003 - -5360. Is 24/(-132) - n/(-11) a composite number?
True
Let a(c) = c**3 - 3*c**2 - 3. Let q be a(4). Let w be 7*(2 - q/7). Is w*4/(-8)*-20 composite?
True
Suppose 22*y - 140822 = -0*y. Is y a prime number?
False
Let k(m) = 4423*m + 169. Is k(4) composite?
True
Suppose -31*p + a = -26*p - 41754, -4*a = -2*p + 16698. Is p a prime number?
False
Let k be 75/11 - -4*4/88. Is -3 - (34/119 + (-3824)/k) a composite number?
True
Let b(l) be the second derivative of 3*l**3/2 - l**2/2 - 3*l. Let v be b(2). Let q = v - -17. Is q prime?
False
Let s(z) be the first derivative of -61*z**2/2 - 13*z - 8. Is s(-6) prime?
True
Suppose -308147 = -19*k - 102928. Is k a prime number?
False
Suppose -20 = -5*k, -i - 12 - 13 = -5*k. Let o = i - -5. Suppose o = -3*l + 158 + 133. Is l prime?
True
Let y = -311 - -565. Suppose 6*k = 7*k - y. Is k composite?
True
Let y(a) = a + 3. Let l be y(-8). Let f(m) be the third derivative of -m**6/120 - m**5/30 - m**4/6 + m**3/3 + 6*m**2. Is f(l) composite?
False
Let y be 3/(4/(-6)*(-4)/8). Is -20*4/((-48)/y) composite?
True
Suppose 257 = o + 46. Is o a prime number?
True
Let p(s) = 7*s**3 + 16*s**2 + 10*s + 2. Let y(d) = -d**3 - d**2 - d. Suppose 0 = -4*f - 7 + 3. Let c(k) = f*p(k) - 6*y(k). Is c(-10) a composite number?
True
Let r(y) = -y**2 - 5*y - 1. Let c be r(-4). Suppose i = 4*i - 15, -31 = -4*p - 3*i. Suppose -s + 33 = p*x, -s + 34 = c*x - 0. Is s prime?
True
Let f = 11660 + -5541. Is f prime?
False
Let b = 303 - 179. Let v = b + 1807. Is v a composite number?
False
Let z = 66 + 86. Let b = 148 + z. Suppose 341 = 5*a + 2*v - b, 2*v = -a + 133. Is a composite?
False
Let y(g) = 12*g**2 - 2*g + 7. Let b = -13 + 14. Suppose 26 - b = -5*l. Is y(l) prime?
True
Let r(p) = -1 + 70*p**2 + 29*p**2 - 3*p + 2*p**2 - 15*p**2. Is r(2) a composite number?
False
Suppose 2*s = s - 17. Let j(w) = -w**3 - 7*w**2 - 11*w - 3. Let t be j(-3). Let c = t - s. Is c composite?
False
Let r = 23121 - -28462. Is r prime?
False
Let o = -4328 - -9217. Is o composite?
False
Let u = -320 - -733. Is u prime?
False
Let d = 74 + -69. Suppose -y + 969 = -d*m, -3*m = 5*y - 902 - 3999. Is y a prime number?
False
Let i = -46 - -19. Is (-3597)/i + -1*10/45 a prime number?
False
Suppose 0 = 4*r + 5*n + 12194, -10945 + 1805 = 3*r + n. Let j = 364 - -4019. Let y = j + r. Is y a composite number?
True
Let k = 16 - 9. Let z(n) = n**2 - k - 2*n - 4*n + 4*n + 11*n**2. Is z(6) prime?
False
Let o(y) = y**3 - 3*y**2 + 3*y - 9. Let v be o(6). Let x = 140 - v. Is x composite?
False
Suppose 2*v - 968 - 72 = -5*f, 0 = -4*f. Let s = v - 179. Is s composite?
True
Suppose -3*h + 183 = -6. Suppose 2*g - 403 = -h. Suppose 5*d - 257 = -j - 2*j, -3*d = 2*j - g. Is j a composite number?
False
Suppose 38*w - 832 = 6*w. Suppose 2*q = -i - i + 118, -2*i + 240 = 4*q. Let r = q + w. Is r a composite number?
True
Suppose p - 7523 = 8694. Is p a composite number?
False
Let u = -1029 + 1773. Suppose 2*y - u = 1930. Is y a prime number?
False
Let q = -20 + 19. Is 2095/50*5*(q + 3) prime?
True
Let i be 0/(0 + 2) + 1738. Let n be ((-6)/1)/(-1 - 1)